Suppose 5 = p, 2*p + 20 = 2*t - 0*t. What is the tens digit of -15*t*(3 - (-2 + 6))?
2
Suppose -4*o + 26398 = -5*x, 4*x + 14551 = 4*o - 11845. What is the thousands digit of o?
6
What is the tens digit of -5 - (4/(-22) + (-39)/(6006/2999276))?
7
Let w(d) be the second derivative of d**5/20 - 7*d**4/3 + 19*d**3/3 + 60*d**2 - 2*d + 36. What is the tens digit of w(27)?
1
Let v = 255 + -247. Suppose -2*k + 2360 = 2*m, 5*k + 4*m - v*m - 5900 = 0. What is the thousands digit of k?
1
Let j(s) = -s**2 + 18*s - 40. Let k be j(15). Suppose -k*d + 3*l = -3750, 4*l - 1526 = -6*d + 4*d. What is the hundreds digit of d?
7
Let q(j) = -6*j + 46. Let k be q(7). Suppose n + 4*n + 212 = 3*c, 0 = -k*c + 2*n + 278. Let x = -41 + c. What is the units digit of x?
8
Let c(o) = -o**3 + 2*o**2 - 11. Let l be c(-2). Suppose -4*x = -s - 4209, -6*x + l*x + 3*s = -1044. What is the units digit of x?
3
What is the tens digit of (-10 + (-1888)/(-177))/(294338/(-294342) + 1)?
5
Let a(o) = 4*o**2 - 4*o - 5. Let c be a(3). Let x = 22 - c. Suppose 0*g + 2*g - m - 22 = 0, 6 = x*m. What is the units digit of g?
2
Let h(q) = -2*q**2 - 25*q - 11*q - 22 + 12*q**2 + 0 - 80*q. What is the hundreds digit of h(17)?
8
Let g = 138 + -396. Let p = 621 + g. What is the tens digit of p?
6
Suppose 2*p - 2*i - 1399 = 1315, -p + 1367 = 4*i. What is the thousands digit of p - 2*(-7)/14?
1
Suppose -3*k + 553 = -407. Suppose 13*v - k - 1838 = 0. What is the hundreds digit of v?
1
Let g(x) = -x**3 - 9*x**2 - 12*x - 9. Let r be (-4)/6*(8 + 7). What is the hundreds digit of g(r)?
2
Let w be 298*(6 - (-26)/(-4)). Let o = 216 + w. What is the tens digit of o?
6
Suppose -4*k - 15 = n, 0*n - 3*n - 13 = 4*k. Let w be 6 + -9 + 37*1/1. Let z = w - n. What is the units digit of z?
3
Let b(j) = -j**2 + 17*j + 11. Let f be b(22). Let x = f + 47. Let m = 3 - x. What is the units digit of m?
5
Suppose -2*n + 320 = l + 3, 5*n - 2*l - 788 = 0. Let o = n - 53. What is the tens digit of o?
0
Let f = -12152 - -26351. What is the ten thousands digit of f?
1
Suppose 16*c = 21*c + 15, -2*r + 4*c = -42. Let v = -27 + 144. Suppose -6*s + v - r = 0. What is the units digit of s?
7
What is the thousands digit of (13/(195/330))/((-8)/(-7396))?
0
Let y(i) = 81*i + 33 + 0*i**3 - i**3 - 25*i**2 - 114*i. What is the tens digit of y(-24)?
4
Suppose 2*v = -2*p + 1 - 11, -v = 5. Suppose p*m - 5*m = -m. Suppose -3*a + 0*a - 2*z + 637 = m, -4*z - 1069 = -5*a. What is the hundreds digit of a?
2
What is the thousands digit of 2031/(-3)*((-634)/14 + 24/84)?
0
Suppose 4*p + 5*z = 123, -9*p + 3*z + 126 = -4*p. Suppose -35*w + 1384 = -p*w. What is the hundreds digit of w?
1
Suppose 23948*x = 23949*x - 163. What is the hundreds digit of x?
1
Let n(s) = 2*s**3 + 35*s**2 - 19*s - 13. Let y be n(-18). Suppose -13*v - a + 532 = -10*v, a + 892 = y*v. What is the units digit of v?
8
Let u = 171 + -160. Suppose -567 = u*c - 7431. What is the hundreds digit of c?
6
Suppose -5*n + 5*k = -2*n - 229, k = 2*n - 162. Suppose -87*t + n*t + 1368 = 0. What is the units digit of t?
2
Let p be (-132)/(-9) - 7/(-21). Let f be ((-16)/(-12))/(10/p). Suppose 3*z = 4*c + 147, -c = -f*c. What is the tens digit of z?
4
Let u(y) = 584*y - 3344. What is the tens digit of u(13)?
4
Suppose 3*h + 102309 = 14*t - 10*t, 0 = -3*t - 4*h + 76763. What is the thousands digit of t?
5
Let m(a) be the third derivative of a**5/60 - 7*a**4/12 + 3*a**3/2 - 26*a**2. Let y = -32 - -47. What is the tens digit of m(y)?
2
Let l be 815 + -3 + -5 + 6. Suppose 12*c - l = 1179. What is the tens digit of c?
6
Let m = -40 + 14. Let t = m + 28. Suppose -4*k + t*n = -318, 3*n - 97 = -2*k + k. What is the units digit of k?
2
What is the ten thousands digit of ((-33)/(-11) - -22) + 11261?
1
Let c(w) = -9*w**2 - 6*w - 7. Let p be c(-5). Suppose -16*z + 3978 = -1462. Let n = p + z. What is the units digit of n?
8
What is the tens digit of 6/(-5)*(-7815920)/714?
3
Suppose 17*f + 926 = -485. Let l = 85 + f. Suppose 0 = 3*b - s - 692, -569 = -l*b + 4*s - 121. What is the hundreds digit of b?
2
Let g = 310 - -769. Let s = g + -714. What is the units digit of s?
5
Let h(b) = 171*b**2 - 12*b - 4. Let j be h(-2). Let d = j + -51. What is the tens digit of d?
5
What is the tens digit of 53002 + 0 + ((-108)/(-24))/(1/2)?
1
Suppose -8*s = 17*s - 100. Suppose -s*y = -549 - 79. What is the tens digit of y?
5
Let c(y) = 2081*y**3 - 6*y**2 - 11*y + 32. What is the hundreds digit of c(3)?
1
Let b = -10885 + 33913. Suppose 5*o + b + 4672 = 0. What is the hundreds digit of o/(-50) - 2/(-10)?
1
Let a = -182 + 170. Let i(r) = r**2 - 16*r + 22. What is the hundreds digit of i(a)?
3
Suppose -16*k = 3*t - 602445 - 182764, -4*k = 2*t - 196306. What is the thousands digit of k?
9
Let o(w) = 37*w**2 + 43*w + 333. What is the units digit of o(-13)?
7
What is the thousands digit of -7 + 7 + 31104 + (12 - 3)?
1
Suppose -7*v - 299 = -4*b, 4*v + 203 = 5*b - 166. Suppose -8720 = 57*z - b*z. What is the units digit of z?
5
Let m(g) = 5*g**2 + 2 + 32*g**2 + 3. Let a(u) = 2*u + 58. Let q be a(-28). What is the tens digit of m(q)?
5
Let u(y) = y**2 - y + 1. Let l(j) = j**3 - 4*j + 8. Let x(o) = -l(o) + 4*u(o). Let c be x(3). Suppose 0 = -c*h + 269 + 401. What is the hundreds digit of h?
1
Let l(c) = 2*c**2 + 95*c - 198. What is the hundreds digit of l(-61)?
4
What is the ten thousands digit of (-23 - -54451) + (2 - 2 - 6)?
5
Let s(p) = -9*p - 14. Suppose -2*w + 516 = -6*w. Let c = 110 + w. What is the hundreds digit of s(c)?
1
Let x(m) = 69*m**2 - 7*m - 40. What is the units digit of x(7)?
2
Let y = -410 - -1131. Suppose 0 = 2*s - x - 485, 6*x = -3*s + x + y. What is the units digit of s?
2
Let i(c) = 38*c**2 - 7*c - 15. Suppose 0 = o - 3*q + 5*q - 8, -1 = -2*o - q. What is the hundreds digit of i(o)?
1
Let p(f) = f**3 + 3*f**2 + 6*f + 18. Let c be p(-3). Suppose -3*i - 6 - 3 = c, -976 = -2*x - 4*i. What is the tens digit of x?
9
Suppose 32 + 553 = 3*c. Suppose -k = -4*q - 0*k + c, -255 = -5*q - k. What is the hundreds digit of ((-42)/(-10)*-1)/((-2)/q)?
1
Let z(a) = -1592*a - 113. What is the hundreds digit of z(-5)?
8
Let s(w) = 4207*w**2 - 29*w - 51. What is the hundreds digit of s(-2)?
8
Let t = 133 + -130. Suppose -3*p - 505 = -4*u, p = t*u - 7*u + 493. What is the tens digit of u?
2
Let d(u) = -u**3 + 2*u**2 + 35*u + 6. Let w be d(7). Let n be -2*(-1)/2 - -1. Suppose -w*b + 3*r - n = -4*b, 2*b + 2*r = 18. What is the units digit of b?
5
Let s = -1215 - -1990. Suppose 0 = -y - s + 1895. What is the tens digit of y?
2
Let o(a) be the third derivative of a**5/60 - 7*a**3/3 + 2*a**2. Let c be (1/4*-1)/(129/(-8772)). What is the hundreds digit of o(c)?
2
Let x(t) = -9*t + 28. Let l be x(6). Let c = l - -96. Suppose 140 = 3*r - c. What is the units digit of r?
0
What is the thousands digit of 8/6*(22 + -27 + 4388)?
5
Suppose -345 + 1545 = 4*n. Let f = 1072 - n. What is the units digit of f?
2
Let i(k) = -k**3 - 4*k**2 + 13*k + 3. Let q(z) = z**3 + 13*z**2 + 32*z + 10. Let g be q(-10). What is the tens digit of i(g)?
7
Suppose 8557656 + 2563352 = 440*i - 3693792. What is the hundreds digit of i?
6
Let v be 12*(-14)/21*5/(-10). Let l = 11 - 7. What is the tens digit of v - (-122 + l) - -3?
2
Let n(f) = -1372*f + 1407. What is the units digit of n(-24)?
5
Let f(j) be the first derivative of 27*j**2/2 + 12*j + 1. Let n be (-4 - (-1 - 0))*(-30)/18. What is the tens digit of f(n)?
4
Let c = -53 + 55. Let h be (-8)/c + 8 - -2. Let l(y) = -y**2 + 15*y - 8. What is the tens digit of l(h)?
4
What is the tens digit of ((-8)/3)/((-24)/87300)?
0
Suppose 1669182 = 53*i + 16*i - 726222. What is the hundreds digit of i?
7
Let v = 1149 - -17205. What is the ten thousands digit of v?
1
Let a = 2528 + 6610. What is the thousands digit of a?
9
Let u(p) = p**3 + 6*p**2 + 6*p + 7. Let y be u(-5). Suppose 5 = 2*d + 7*s - y*s, 2 = -3*d + 2*s. Suppose d = -10*x + 12*x - 168. What is the units digit of x?
4
Let w = -1 - -17. Let f = 263 - 258. Suppose 2*s + 202 = 3*b, -f*b + 2*s - w = -350. What is the tens digit of b?
6
Suppose 13675 = 14*o - 97737. What is the units digit of o?
8
What is the thousands digit of (10 + 4856)*(-459)/(-54)?
1
Suppose x - 15 = s + s, -3*s = 3*x. Suppose -2*p = 0, -20 = -x*l - 0*p + p. Suppose 2*t + 2 = 0, u + 34 = l*u + 2*t.